829
What are the prime factors of 3597308?
2, 11, 13, 19, 331
List the prime factors of 15210.
2, 3, 5, 13
List the prime factors of 1163981.
7, 13, 12791
What are the prime factors of 11480928?
2, 3, 59, 2027
What are the prime factors of 3999932?
2, 999983
What are the prime factors of 5571099?
3, 109, 631
What are the prime factors of 9208026?
2, 3, 41, 4159
What are the prime factors of 3023405?
5, 7, 11, 7853
List the prime factors of 23551553.
2713, 8681
What are the prime factors of 1703248?
2, 106453
What are the prime factors of 451883?
311, 1453
List the prime factors of 799878.
2, 3, 29, 4597
List the prime factors of 2081605.
5, 383, 1087
List the prime factors of 53521.
13, 23, 179
What are the prime factors of 20320281?
3, 752603
What are the prime factors of 485070?
2, 3, 5, 19, 23, 37
What are the prime factors of 149917?
197, 761
List the prime factors of 8876332.
2, 2219083
What are the prime factors of 760811?
661, 1151
List the prime factors of 147925.
5, 61, 97
List the prime factors of 835002.
2, 3, 7, 47
List the prime factors of 92091.
3, 30697
What are the prime factors of 458468?
2, 114617
What are the prime factors of 4889986?
2, 569, 4297
What are the prime factors of 64770?
2, 3, 5, 17, 127
What are the prime factors of 638747?
271, 2357
What are the prime factors of 21234715?
5, 53, 227, 353
What are the prime factors of 1506483?
3, 11, 15217
What are the prime factors of 1925537?
23, 83719
List the prime factors of 2489044.
2, 61, 101
List the prime factors of 208804.
2, 52201
What are the prime factors of 3652918?
2, 1826459
List the prime factors of 1144338.
2, 3, 13, 17, 863
List the prime factors of 806373.
3, 89597
What are the prime factors of 89465?
5, 29, 617
What are the prime factors of 3085597?
47, 65651
What are the prime factors of 38504?
2, 4813
List the prime factors of 50516.
2, 73, 173
What are the prime factors of 1457091?
3, 19, 8521
List the prime factors of 259250.
2, 5, 17, 61
List the prime factors of 205136.
2, 12821
List the prime factors of 800518.
2, 73, 5483
List the prime factors of 21157257.
3, 11, 641129
List the prime factors of 65038.
2, 31, 1049
What are the prime factors of 1625097?
3, 541699
List the prime factors of 2753210.
2, 5, 275321
What are the prime factors of 7174609?
13, 19, 31, 937
List the prime factors of 118203.
3, 31, 41
What are the prime factors of 12062605?
5, 17, 191, 743
List the prime factors of 599543.
7, 41, 2089
What are the prime factors of 115361?
115361
What are the prime factors of 23297861?
59, 394879
What are the prime factors of 194986?
2, 11, 8863
List the prime factors of 418713.
3, 139571
List the prime factors of 2205687.
3, 11, 89, 751
What are the prime factors of 3686176?
2, 13, 8861
List the prime factors of 13481404.
2, 23, 29, 31, 163
What are the prime factors of 653095?
5, 130619
List the prime factors of 2765337.
3, 921779
List the prime factors of 822889.
822889
List the prime factors of 26474.
2, 7, 31, 61
List the prime factors of 4998920.
2, 5, 47, 2659
What are the prime factors of 133670?
2, 5, 13367
List the prime factors of 4809139.
23, 9091
What are the prime factors of 89621?
7, 31, 59
What are the prime factors of 705714?
2, 3, 117619
What are the prime factors of 178269?
3, 7, 13, 653
What are the prime factors of 330629?
13, 29, 877
List the prime factors of 474303.
3, 37, 4273
List the prime factors of 1505663.
61, 24683
List the prime factors of 747701.
71, 10531
What are the prime factors of 2025551?
11, 89, 2069
What are the prime factors of 147617?
147617
List the prime factors of 4590633.
3, 131, 11681
What are the prime factors of 10961723?
10961723
What are the prime factors of 295268?
2, 97, 761
What are the prime factors of 24815520?
2, 3, 5, 19, 907
List the prime factors of 7227933.
3, 2409311
List the prime factors of 34534.
2, 31, 557
What are the prime factors of 183249?
3, 11, 617
List the prime factors of 3957671.
3957671
List the prime factors of 8219599.
71, 115769
What are the prime factors of 694151?
733, 947
What are the prime factors of 1787224?
2, 223403
What are the prime factors of 981235?
5, 196247
List the prime factors of 1733289.
3, 83, 6961
What are the prime factors of 9901200?
2, 3, 5, 37, 223
List the prime factors of 1760310.
2, 3, 5, 19559
What are the prime factors of 6176820?
2, 3, 5, 13, 7919
List the prime factors of 1078177.
41, 26297
What are the prime factors of 250921?
11, 22811
List the prime factors of 373776.
2, 3, 13, 599
What are the prime factors of 313288?
2, 39161
What are the prime factors of 83684?
2, 20921
What are the prime factors of 54834?
2, 3, 13, 19, 37
List the prime factors of 3337669.
3337669
List the prime factors of 2996425.
5, 29, 4133
List the prime factors of 2746696.
2, 343337
What are the prime factors of 804148?
2, 201037
List the prime factors of 2342380.
2, 5, 117119
List the prime factors of 240581.
11, 21871
List the prime factors of 380797.
380797
List the prime factors of 9246275.
5, 369851
What are the prime factors of 323178?
2, 3, 61, 883
List the prime factors of 756016.
2, 47251
What are the prime factors of 30994899?
3, 13, 794741
List the prime factors of 3032301.
3, 1010767
List the prime factors of 10900033.
53, 205661
List the prime factors of 236230.
2, 5, 23623
What are the prime factors of 1302449?
1302449
List the prime factors of 364332.
2, 3, 97, 313
List the prime factors of 1227900.
2, 3, 5, 4093
List the prime factors of 242241.
3, 80747
What are the prime factors of 139893?
3, 13, 17, 211
What are the prime factors of 334255?
5, 66851
What are the prime factors of 987194?
2, 13, 43, 883
What are the prime factors of 18332908?
2, 11, 37, 11261
List the prime factors of 10962762.
2, 3, 1827127
List the prime factors of 135201.
3, 11, 17, 241
List the prime factors of 2209.
47
List the prime factors of 236629.
43, 5503
What are the prime factors of 908999?
7, 13, 1427
List the prime factors of 383900.
2, 5, 11, 349
List the prime factors of 4340504.
2, 7, 77509
List the prime factors of 237834.
2, 3, 73, 181
List the prime factors of 779009.
7, 11, 67, 151
What are the prime factors of 412701?
3, 137567
What are the prime factors of 491009?
31, 47, 337
What are the prime factors of 21814?
2, 13, 839
List the prime factors of 4177460.
2, 5, 7, 53, 563
What are the prime factors of 2406138?
2, 3, 7, 59, 971
What are the prime factors of 75653?
75653
List the prime factors of 226678.
2, 17, 59, 113
List the prime factors of 3772886.
2, 13, 31, 151
What are the prime factors of 42904?
2, 31, 173
List the prime factors of 42905.
5, 8581
List the prime factors of 3500997.
3, 17, 19, 3613
List the prime factors of 91671.
3, 30557
List the prime factors of 143682.
2, 3, 7, 11, 311
List the prime factors of 338203.
338203
List the prime factors of 1645317.
3, 182813
What are the prime factors of 479675?
5, 7, 2741
List the prime factors of 9909284.
2, 7, 11, 32173
What are the prime factors of 518084?
2, 7, 18503
What are the prime factors of 178963?
23, 31, 251
List the prime factors of 1600219.
1600219
What are the prime factors of 411395?
5, 82279
What are the prime factors of 449435?
5, 7, 12841
What are the prime factors of 1856?
2, 29
What are the prime factors of 94912?
2, 1483
List the prime factors of 5004105.
3, 5, 449, 743
List the prime factors of 1447609.
1447609
List the prime factors of 23913496.
2, 41, 72907
What are the prime factors of 364439?
19, 19181
List the prime factors of 243088.
2, 15193
List the prime factors of 7689358.
2, 1447, 2657
What are the prime factors of 16834358?
2, 127, 191, 347
List the prime factors of 14579218.
2, 7289609
List the prime factors of 742680.
2, 3, 5, 2063
List the prime factors of 2682472.
2, 13, 25793
What are the prime factors of 898317?
3, 7, 97
What are the prime factors of 252887?
252887
What are the prime factors of 134339?
134339
What are the prime factors of 140141?
353, 397
List the prime factors of 396927.
3, 61, 241
What are the prime factors of 295495?
5, 113, 523
What are the prime factors of 2594660?
2, 5, 129733
What are the prime factors of 9686?
2, 29, 167
List the prime factors of 8927900.
2, 5, 73, 1223
What are the prime factors of 18465724?
2, 4616431
What 